c) = c**3 - 5*c**2 + 2*c - 3. Determine q(v).
7
Let w(i) = 10 - 458*i + 457*i - 6. What is w(4)?
0
Let m(u) = 4*u + 7*u**2 - 8 + 0*u + u**3 + 2 + 0*u**3. Let n = 15 - 24. Let t be n*((-3)/9 + 1). What is m(t)?
6
Let l(d) = d + 2. Suppose 309*b = 305*b - 16. Give l(b).
-2
Let a(d) = -d**3 - 18*d**2 - 16*d + 16. Let s be (-3 + 6/((-18)/(-6)))*17. Calculate a(s).
-1
Let k(j) be the second derivative of j**6/120 - j**5/60 + 7*j**3/6 - 8*j**2 + 30*j. Let l(a) be the first derivative of k(a). Calculate l(0).
7
Let a(b) be the second derivative of 5*b**4/12 - b**3/2 - 3*b**2/2 - 20*b. Determine a(3).
33
Let q(n) be the first derivative of -n**2/2 + 8*n - 16. Let m = 43 - 37. Give q(m).
2
Let c(g) = -11*g**2 - 11*g + 20*g + 10*g**2 - 7*g - 4*g + 4*g**3. Determine c(-2).
-32
Let r(m) = 6*m - 2. Let y(k) = 3 - k + 8*k - 2*k - 4. Let o(j) = 4*r(j) - 5*y(j). Give o(5).
-8
Let o(q) = 4*q + 1. Suppose 8*v + a = 7*v - 3, -17 = -5*v + 3*a. Calculate o(v).
5
Let w(d) = -d**3 - 4*d**2 + 4*d + 1. Let l(u) = -3*u**3 - 17*u**2 + 18*u + 4. Let i(z) = 2*l(z) - 9*w(z). What is i(-1)?
-2
Let t(i) = i**2 - 6*i + 1. Let m(w) = -w**3 - 6*w**2 + 4*w + 28. Let k be m(-6). What is t(k)?
-7
Let r = -1295 - -1292. Let i(n) = n**2 + 3*n - 2. Determine i(r).
-2
Let v(r) = -r**2 - 1. Let d(o) = -3*o**2 - 2*o. Let s be (664/72 - 7) + 4/(-18). Let k(b) = s*v(b) - d(b). What is k(-4)?
6
Let i(p) = p**2 + 8*p + 2. Let m = 2905 + -2917. Determine i(m).
50
Let g = 48 + -40. Suppose 56 + 8 = g*l. Let j(k) = -k + 14. Determine j(l).
6
Let l(x) be the second derivative of -2*x**3/3 + 5*x**2/2 + 34*x. What is l(4)?
-11
Let y(b) = -9*b + 14. Let d be y(6). Let u be d/6*48/(-20). Let s = -11 + u. Let r(i) = -i**2 + 6*i + 6. Give r(s).
11
Let k(x) = -4*x**2 + 5*x + 10. Let p(s) = -5*s**2 + 4*s + 10. Let y(b) = 6*k(b) - 5*p(b). What is y(-7)?
-11
Let p(i) = i**3 + 6*i**2. Suppose -2*d = d. Let m(k) = -k**3 - 23*k**2 - 23*k - 24. Let b be m(-22). Let j be -1 + b + d - 3. Give p(j).
0
Suppose s - 9*z - 10 = -7*z, 2*s - 5*z - 20 = 0. Let f(d) = -d**3 + 9*d**2 + 9*d - 10. What is f(s)?
-20
Suppose 2*s - s = -5, 0 = -5*v + s + 15. Suppose 3*g + 50 + 7 = 4*d, -3*g = -d + 12. Let r(c) = 2*c**2 + 8 + 8 - d - 2*c. Calculate r(v).
5
Let n be 3 - (3 + 12) - 0. Let v be 4 - 0*(-3)/n. Suppose -2*z - 2 = 3*w, -5*w + w = v*z + 4. Let q(b) = 8*b**3 - 1. Determine q(z).
-9
Suppose 0*m - 84 = 21*m. Let i(z) be the first derivative of -z**4/12 - z**3 - 2*z**2 + z - 1. Let r(f) be the first derivative of i(f). Calculate r(m).
4
Let d(v) = v**2 - 5*v + 5. Suppose -a = 4*g - 33, 4*a - 6 - 7 = g. What is d(g)?
19
Let q(h) = 17*h. Let z(v) = -27*v + 1. Let t(w) = 5*q(w) + 3*z(w). Give t(5).
23
Let h = 9 + -59. Let m = h - -55. Let u(i) = -i + 6. Give u(m).
1
Let g(p) = -81*p - 77*p + 233*p + 1 - 78*p. Determine g(-1).
4
Let j be 7/2 + ((-33)/2)/(-11). Let c(p) = 2*p**2 - 3*p**2 + 10 + 5*p - 8. Give c(j).
2
Let b(v) = -v**3 + 5*v**2 - 5*v. Let u(z) = -z**2 + 8*z + 36. Let p be u(11). Give b(p).
3
Suppose -d + 7 = 6*d. Let m(r) = -6*r**2 - 2*r**2 - 3*r - 2 + d + r. Suppose -3*f - 5*v = -7, -10 = -2*v - 3*v. What is m(f)?
-7
Suppose -4 = 3*n - 16. Suppose n*c + 3*h - 17 = 0, 0 = c - 3*c - 4*h + 16. Let v(z) = -2*z**3 - 2*z**2 + 3*z - 1. What is v(c)?
-19
Let h(g) = 10*g**2 + g. Let a be (14/42)/((-1)/(-1 - 2)). Give h(a).
11
Let h(b) = -3*b**2 - 6. Let t(w) = -5*w**2 - 8. Let f(x) = -3*h(x) + 2*t(x). Give f(2).
-2
Let g(h) be the first derivative of -3*h**2 - h - 1. Let t(q) be the third derivative of -q**5/60 - q**4/8 + q**3/2 + 22*q**2. Let f be t(1). Determine g(f).
5
Let h(y) be the first derivative of -y**2 + 4*y + 17. Calculate h(8).
-12
Let r(s) = 5*s**2 - 2*s - 1. Let u be 1/(-2) - 10/20. Let c be r(u). Let d(n) = -2*n + 5. Give d(c).
-7
Let t(x) = -x**3 + 7*x**2 + x + 1. Let k(f) = -f**3 - 29*f**2 - f - 26. Let c be k(-29). Give t(c).
40
Let g(k) = 2*k + 8. Suppose -6*a - 200 = -4*a. Let x = -107 - a. Calculate g(x).
-6
Let t(d) be the second derivative of -d**3/2 + 5*d**2/2 - d. Let n be -1 - (-22)/(-3)*3/(-1). Suppose -3*c = -3*s + n, 5*s = -7*c + 3*c + 8. Calculate t(s).
-7
Let c(x) = 5*x + 30. Let o be c(-4). Let y(d) = -d**3 + 10*d**2 + 4*d - 2. What is y(o)?
38
Suppose 6*z - 38 = 4*z. Suppose -4*d - 5 - z = 0. Let g(x) be the first derivative of x**2/2 + 4*x - 29. Give g(d).
-2
Let z = 64/165 - 3/55. Let y(c) be the third derivative of -z*c**3 + 1/120*c**6 + 5*c**2 + 7/24*c**4 + 0 - 1/10*c**5 + 0*c. Give y(5).
8
Let h(o) = -o**2 - 2*o + 19. Let p be h(-7). Let v(t) = -3*t - 19. Determine v(p).
29
Let t(z) = z**2 - 5*z - 3. Let c(p) = p**2 - 9*p - 4. Let o(y) = -5*y**2 + 37*y + 15. Let h(q) = -9*c(q) - 2*o(q). Let b be h(-7). Determine t(b).
3
Let s be (-132)/(-36) + (-4)/(-3). Let a(b) = 3*b - 1. Calculate a(s).
14
Let v(x) = -15*x + 102. Let r(n) = 4*n - 27. Let l(k) = 22*r(k) + 6*v(k). What is l(14)?
-10
Suppose -2*o = -5*d - 2 - 4, 5*o + 3*d - 46 = 0. Let i(l) be the third derivative of l**5/60 - 7*l**4/24 - l**3/6 + 158*l**2. Give i(o).
7
Let y(a) be the first derivative of -a**2/2 - 9*a - 88. Give y(-6).
-3
Let o(f) = -f**2 - 8*f - 2. Let c(i) = i**2 + 24*i + 10. Let d be c(-7). Let z = d + 101. Give o(z).
-2
Let f(a) = 2*a - 19. Let t be f(9). Let l(b) be the third derivative of -3*b**4/4 - 4*b**2. Give l(t).
18
Suppose -8 + 20 = 2*o. Suppose -6 + 18 = -o*g. Let c(z) = 3*z + 1. Determine c(g).
-5
Suppose -5*z - 4*m + 4 + 2 = 0, 4 = -4*m. Let r(l) = 4*l. Let x(o) = -27*o. Let p(i) = 28*r(i) + 4*x(i). Give p(z).
8
Suppose 0 = -5*h + 4*y + 26, 222*y - 23 = -3*h + 217*y. Let c(v) be the second derivative of -v**3/2 + 3*v**2 - v. Determine c(h).
-12
Let o(c) = 3*c**3 - 6*c**3 - 42*c + 3 + 3*c**2 + 44*c + 4*c**3. Calculate o(-3).
-3
Let g(f) = -f**3 + f**2 + f. Let c(b) = 0*b + 1 - 5*b - b + 3*b**3 - 5*b**2 + 2*b. Let n(k) = -c(k) - 2*g(k). Suppose s - 15 = 4*h, -2 - 1 = h. What is n(s)?
5
Let o(p) = -7*p**2 + 29*p. Let b be o(4). Let g(s) = 3*s**2 - 11*s + 1. What is g(b)?
5
Let q(v) be the first derivative of -v**6/120 - v**5/15 + v**4/4 + v**3/3 - 15*v**2/2 + 13. Let f(z) be the second derivative of q(z). Determine f(-5).
-3
Let k(i) be the third derivative of -i**5/60 + 2*i**3/3 + 12*i**2 + 3. Determine k(-4).
-12
Let q(r) = -26*r - 23*r - 29*r - 6 + 76*r + 0. What is q(6)?
-18
Let u(y) = 3*y + 6. Let v(z) = -z + 1. Let i(p) = u(p) + 2*v(p). Let f be i(-8). Let m(b) = -b + f + 3 + 1. What is m(6)?
-2
Let n be -4*(-9)/(-12)*-2. Let m(i) = -i**3 + 6*i**2 - 3*i + 12. Calculate m(n).
-6
Let m(j) = -j**3 - 10. Let f = -1 - -3. Suppose 2*n - 22 + f = 0. Let a = n + -10. Calculate m(a).
-10
Let c(p) be the first derivative of p**2/2 + 17*p + 281. Give c(-9).
8
Let l(i) = -55*i**3 + 2*i**2 + 2*i - 3. Let w be l(1). Let m = -59 - w. Let v(g) = -2*g**2 - 7*g. Determine v(m).
-15
Let j = 8 + -5. Let w(d) = -3*d + 3*d - j*d - 1. Let l be (1/(-15))/((-8)/120). Give w(l).
-4
Suppose 3*s + 3 = 2*o - 5*o, -4*o = -s - 26. Let d(j) be the first derivative of -j**4/4 - 5*j**3/3 + 2*j**2 - 4*j - 314. What is d(s)?
8
Let z(b) = 3*b**3 + 2*b**2 - 5. Let t(w) = 2*w**3 + 2*w**2 + 1. Let i(k) = -t(k) + z(k). Give i(0).
-6
Let i(o) = -o**2 - 8*o. Let w be i(-6). Suppose -3*s + w = -3*h, -3*s = s + 2*h - 10. Let r(t) = s - 2*t + 4*t**2 - t - 3*t**2. Give r(4).
7
Let v(t) = -t**2 - 6*t + 9. Let r(k) be the first derivative of 4*k**3/3 + 12*k**2 - 37*k - 16. Let z(j) = 2*r(j) + 9*v(j). Calculate z(-8).
-9
Suppose 5*t + 57 = 522. Let b(i) = -t + 50 + 41 - i. Give b(-2).
0
Let y be 204/(-357) + -1*4/(-7). Let w(q) be the first derivative of -2 + 1/2*q**2 + y*q + 2*q**3. Give w(1).
7
Let t(q) be the first derivative of 0*q - 8/3*q**3 + 1/360*q**6 + 0*q**2 - 5/12*q**4 - 1/30*q**5 - 8. Let a(d) be the third derivative of t(d). Determine a(7).
11
Let b(r) be the second derivative of -r**5/10 + r**4/4 - 131*r. Calculate b(2).
-4
Let k(u) = -4*u + 2. Let v(i) = -5*i + 1. Let g(l) = 4*k(l) - 3*v(l). Let z(b) = -2*b + 9. Let j(y) = -5*g(y) + 3*z(y). Let p = 192 + -194. Determine j(p).
4
Let m(x) = -3 - 3 + 5 - 5*x. Let f(i) = -i**3 - 13*i**2 - 12*i + 3. Let q be f(-12). Let r be (-2 + q)*(0 + -1). Determine m(r).
4
Let p(l) = -11*l**2. Let y be p(-1). Let w = -15 - y. Let g(q) = 2*q + 0*q**2 - 4 - q**2 - 8*q. Determine g(w).
4
Let l(